{"id":2,"date":"2026-05-11T07:21:59","date_gmt":"2026-05-11T07:21:59","guid":{"rendered":"https:\/\/inno-non-event.mw15.de\/?page_id=2"},"modified":"2026-05-11T08:15:52","modified_gmt":"2026-05-11T08:15:52","slug":"sample-page","status":"publish","type":"page","link":"https:\/\/inno-non-event.mw15.de\/?page_id=2","title":{"rendered":"Sample Page"},"content":{"rendered":"<div class=\"vbp-event\" data-event-id=\"1\">\n\n    <header class=\"vbp-event-header\">\n        <h2>Innovationskongress 2026<\/h2>\n        <p class=\"vbp-event-meta\">\n            <span class=\"vbp-meta-date\">Freitag, 29. Mai 2026 um 09:00 Uhr<\/span>\n                            <span class=\"vbp-meta-loc\">Buchholz<\/span>\n                    <\/p>\n                    <div class=\"vbp-event-desc\"><div class=\"et_pb_module et_pb_text et_pb_text_4  et_pb_text_align_left et_pb_bg_layout_light\">\r\n<div class=\"et_pb_text_inner\">\r\n<h5>mpulsgebend und zukunftsorientiert<\/h5>\r\n<h3>Innovationskongress 2024<\/h3>\r\n<\/div>\r\n<\/div>\r\n<div class=\"et_pb_module et_pb_text et_pb_text_5  et_pb_text_align_left et_pb_bg_layout_light\">\r\n<div class=\"et_pb_text_inner\">\r\n\r\n<span class=\"break-words           tvm-parent-container\"><span dir=\"ltr\">Wir konnten zu unserem Innovationskongress f\u00fcr die Region Nordostniedersachsen rund 200 G\u00e4ste aus Wirtschaft, Politik und Hochschulen begr\u00fc\u00dfen.\r\n\r\nGestartet sind wir mit einem mitrei\u00dfenden Vortrag von Sven G\u00f6th z<\/span>um Thema \u201eFuture Now- Kompetenzen f\u00fcr das 21. Jahrhundert\u201c. Nach der Mittagspause ging es weiter mit Foren durch unsere Partner. Wir m\u00f6chten uns bei unseren Referenten<span class=\"white-space-pre\">\u00a0Sven Samplatzki\u00a0<\/span><\/span>vom<span class=\"white-space-pre\">\u00a0Transferzentrum Elbe-Weser (TZEW), Georg Redekop v<\/span>on Niedersachsen.net Digitalagentur und Henning-Karl Sch\u00e4ttler und Peter Gr\u00fcndheid vom Regionalen Zukunftszentrum Nord bedanken.\u00a0Zum Abschluss hat uns<span class=\"white-space-pre\">\u00a0Prof. Dr. Oliver Thomas a<\/span>ufgezeigt, wie der Weg zu einem erfolgreichen KI Einsatz im Mittelstand gestaltet werden kann und spannende Use Cases vorgestellt.\r\n\r\n&nbsp;\r\n\r\n<strong><em>Danke an alle Referenten und auch an unsere Partner, die mit unseren G\u00e4sten an ihren Thementischen ins Gespr\u00e4ch gekommen sind,\r\n<\/em><\/strong><em>Ihr Team der Innovationsagentur Nordostniedersachsen INNO.NON GmbH<\/em>\r\n\r\n<\/div>\r\n<\/div><\/div>\n        \n        <div class=\"vbp-availability\">\n            <div class=\"vbp-availability-event\">\n                <span class=\"vbp-avail-label\">Verf\u00fcgbare Pl\u00e4tze gesamt:<\/span>\n                <span class=\"vbp-avail-count\" data-event-id=\"1\">\n                    99 \/ 100                <\/span>\n            <\/div>\n        <\/div>\n    <\/header>\n\n    \n        <form class=\"vbp-booking-form\" novalidate>\n            <input type=\"hidden\" name=\"event_id\" value=\"1\">\n\n                            <fieldset class=\"vbp-fieldset\">\n                    <legend>Workshop-Auswahl<\/legend>\n                    <p class=\"vbp-hint\">W\u00e4hlen Sie die Workshops aus, an denen Sie teilnehmen m\u00f6chten.<\/p>\n                    <div class=\"vbp-workshops\">\n                                                    <label class=\"vbp-workshop-item\" data-workshop-id=\"1\">\n                                <input type=\"checkbox\" name=\"workshops[]\" value=\"1\" >\n                                <div class=\"vbp-workshop-body\">\n                                    <div class=\"vbp-workshop-title\">\n                                        Test workshop                                                                                    <span class=\"vbp-workshop-time\">11:00 - 12:00<\/span>\n                                                                            <\/div>\n                                                                            <div class=\"vbp-workshop-desc\">Innovationskongress 2024\r\n\r\nWir konnten zu unserem Innovationskongress f\u00fcr die Region Nordostniedersachsen rund 200 G\u00e4ste aus Wirtschaft, Politik und Hochschulen begr\u00fc\u00dfen.\r\n\r\nGestartet sind wir mit einem mitrei\u00dfenden Vortrag von Sven G\u00f6th zum Thema \u201eFuture Now- Kompetenzen f\u00fcr das 21. Jahrhundert\u201c. Nach der Mittagspause ging es weiter mit Foren durch unsere Partner. Wir m\u00f6chten uns bei unseren Referenten Sven Samplatzki vom Transferzentrum Elbe-Weser (TZEW), Georg Redekop von Niedersachsen.net Digitalagentur und Henning-Karl Sch\u00e4ttler und Peter Gr\u00fcndheid vom Regionalen Zukunftszentrum Nord bedanken. Zum Abschluss hat uns Prof. Dr. Oliver Thomas aufgezeigt, wie der Weg zu einem erfolgreichen KI Einsatz im Mittelstand gestaltet werden kann und spannende Use Cases vorgestellt.<\/div>\n                                                                        <div class=\"vbp-workshop-status\">\n                                                                                    <span class=\"vbp-badge vbp-badge-avail\" data-workshop-id=\"1\">\n                                                noch 99 Pl\u00e4tze                                            <\/span>\n                                                                            <\/div>\n                                <\/div>\n                            <\/label>\n                                                    <label class=\"vbp-workshop-item\" data-workshop-id=\"2\">\n                                <input type=\"checkbox\" name=\"workshops[]\" value=\"2\" >\n                                <div class=\"vbp-workshop-body\">\n                                    <div class=\"vbp-workshop-title\">\n                                        test workshop 2                                                                                    <span class=\"vbp-workshop-time\">13:00-14:00 Uhr<\/span>\n                                                                            <\/div>\n                                                                        <div class=\"vbp-workshop-status\">\n                                                                                    <span class=\"vbp-badge vbp-badge-avail\" data-workshop-id=\"2\">\n                                                noch 6 Pl\u00e4tze                                            <\/span>\n                                                                            <\/div>\n                                <\/div>\n                            <\/label>\n                                            <\/div>\n                <\/fieldset>\n            \n            <fieldset class=\"vbp-fieldset\">\n                <legend>Ihre Daten<\/legend>\n\n                <div class=\"vbp-grid-2\">\n                    <div class=\"vbp-field\">\n                        <label for=\"vbp_first_name\">Vorname *<\/label>\n                        <input id=\"vbp_first_name\" type=\"text\" name=\"first_name\" required>\n                    <\/div>\n                    <div class=\"vbp-field\">\n                        <label for=\"vbp_last_name\">Nachname *<\/label>\n                        <input id=\"vbp_last_name\" type=\"text\" name=\"last_name\" required>\n                    <\/div>\n                <\/div>\n\n                <div class=\"vbp-grid-2\">\n                    <div class=\"vbp-field\">\n                        <label for=\"vbp_email\">E-Mail-Adresse *<\/label>\n                        <input id=\"vbp_email\" type=\"email\" name=\"email\" required>\n                    <\/div>\n                    <div class=\"vbp-field\">\n                        <label for=\"vbp_phone\">Telefon<\/label>\n                        <input id=\"vbp_phone\" type=\"tel\" name=\"phone\">\n                    <\/div>\n                <\/div>\n\n                <div class=\"vbp-grid-2\">\n                    <div class=\"vbp-field\">\n                        <label for=\"vbp_company\">Firma \/ Organisation<\/label>\n                        <input id=\"vbp_company\" type=\"text\" name=\"company\">\n                    <\/div>\n                    <div class=\"vbp-field\">\n                        <label for=\"vbp_position\">Position<\/label>\n                        <input id=\"vbp_position\" type=\"text\" name=\"position\">\n                    <\/div>\n                <\/div>\n\n                <div class=\"vbp-field\">\n                    <label for=\"vbp_street\">Stra\u00dfe &amp; Hausnummer<\/label>\n                    <input id=\"vbp_street\" type=\"text\" name=\"street\">\n                <\/div>\n\n                <div class=\"vbp-grid-3\">\n                    <div class=\"vbp-field\">\n                        <label for=\"vbp_zip\">PLZ<\/label>\n                        <input id=\"vbp_zip\" type=\"text\" name=\"zip\">\n                    <\/div>\n                    <div class=\"vbp-field\">\n                        <label for=\"vbp_city\">Ort<\/label>\n                        <input id=\"vbp_city\" type=\"text\" name=\"city\">\n                    <\/div>\n                    <div class=\"vbp-field\">\n                        <label for=\"vbp_country\">Land<\/label>\n                        <input id=\"vbp_country\" type=\"text\" name=\"country\" value=\"Deutschland\">\n                    <\/div>\n                <\/div>\n\n                <div class=\"vbp-field\">\n                    <label for=\"vbp_notes\">Anmerkungen (optional)<\/label>\n                    <textarea id=\"vbp_notes\" name=\"notes\" rows=\"3\"><\/textarea>\n                <\/div>\n            <\/fieldset>\n\n            <div class=\"vbp-field vbp-consent\">\n                <label>\n                    <input type=\"checkbox\" name=\"consent\" value=\"1\" required>\n                    Ich willige in die Verarbeitung meiner Daten zum Zweck der Veranstaltungsverwaltung ein. *                <\/label>\n            <\/div>\n\n            <div class=\"vbp-submit-row\">\n                <button type=\"submit\" class=\"vbp-btn vbp-btn-primary\">Verbindlich anmelden<\/button>\n            <\/div>\n\n            <div class=\"vbp-form-message\" style=\"display:none\"><\/div>\n        <\/form>\n\n    <\/div>\n\n","protected":false},"excerpt":{"rendered":"","protected":false},"author":1,"featured_media":0,"parent":0,"menu_order":0,"comment_status":"closed","ping_status":"open","template":"","meta":{"footnotes":""},"class_list":["post-2","page","type-page","status-publish","hentry"],"_links":{"self":[{"href":"https:\/\/inno-non-event.mw15.de\/index.php?rest_route=\/wp\/v2\/pages\/2","targetHints":{"allow":["GET"]}}],"collection":[{"href":"https:\/\/inno-non-event.mw15.de\/index.php?rest_route=\/wp\/v2\/pages"}],"about":[{"href":"https:\/\/inno-non-event.mw15.de\/index.php?rest_route=\/wp\/v2\/types\/page"}],"author":[{"embeddable":true,"href":"https:\/\/inno-non-event.mw15.de\/index.php?rest_route=\/wp\/v2\/users\/1"}],"replies":[{"embeddable":true,"href":"https:\/\/inno-non-event.mw15.de\/index.php?rest_route=%2Fwp%2Fv2%2Fcomments&post=2"}],"version-history":[{"count":1,"href":"https:\/\/inno-non-event.mw15.de\/index.php?rest_route=\/wp\/v2\/pages\/2\/revisions"}],"predecessor-version":[{"id":8,"href":"https:\/\/inno-non-event.mw15.de\/index.php?rest_route=\/wp\/v2\/pages\/2\/revisions\/8"}],"wp:attachment":[{"href":"https:\/\/inno-non-event.mw15.de\/index.php?rest_route=%2Fwp%2Fv2%2Fmedia&parent=2"}],"curies":[{"name":"wp","href":"https:\/\/api.w.org\/{rel}","templated":true}]}}